{"id":1475,"date":"2023-07-16T10:27:31","date_gmt":"2023-07-16T09:27:31","guid":{"rendered":"https:\/\/psycho-dumon.be\/?page_id=1475"},"modified":"2025-06-21T17:00:12","modified_gmt":"2025-06-21T16:00:12","slug":"emdr","status":"publish","type":"page","link":"https:\/\/psycho-dumon.be\/?page_id=1475","title":{"rendered":"EMDR"},"content":{"rendered":"\n<p><\/p>\n\n\n\n<p><strong>Psychoth\u00e9rapie EMDR<\/strong><\/p>\n\n\n\n<p><\/p>\n\n\n\n<p>L&rsquo;int\u00e9gration neuro-\u00e9motionnelle par les mouvements oculaires\u00a0ou plus couramment\u00a0<strong>EMDR<\/strong>, d&rsquo;apr\u00e8s l&rsquo;anglais\u00a0<em><strong>E<\/strong>ye\u00a0<strong>M<\/strong>ovement\u00a0<strong>D<\/strong>esensitization and\u00a0<strong>R<\/strong>eprocessing<\/em>, est une forme de psychoth\u00e9rapie. Utilisant les stimulations bilat\u00e9rales altern\u00e9es\u00a0ou\u00a0SBA, cr\u00e9e par Dr Shapiro, elle est pratiqu\u00e9e afin de traiter l&rsquo;origine des sympt\u00f4mes qui ont \u00e9t\u00e9 identifi\u00e9s par le psychologue avec le patient: traumas simples, traumas complexes, situations non int\u00e9gr\u00e9es&#8230; Si elle est intialement connue pour les stress post-traumatiques, son int\u00e9r\u00eat est donc beaucoup plus large et permet de soigner des symptomes comme le stress, l&rsquo;anxi\u00e9t\u00e9, le manque de confiance en soi, d&rsquo;estime de soi, la d\u00e9pression, les phobies, les angoisses, les crises de paniques &#8230; <\/p>\n\n\n\n<p>L&rsquo;EMDR est chez nous pratiqu\u00e9e uniquemment par des psychologues form\u00e9s de mani\u00e8re compl\u00e8te (certification europ\u00e9enne reconnue par EMDR Belgique et EMDR Europe), et seulement si cela est indiqu\u00e9 et suit un protocole pr\u00e9cis.<\/p>\n\n\n\n<p>LEMDR permet aussi de renforcer les ressources de la personne (confiance en soi, sentiment de s\u00e9curit\u00e9 int\u00e9rieure, courage, d\u00e9tente&#8230;), utilisant des techniques de relaxation et d&rsquo;imagerie mentale, ainsi que des techniques proches de l&rsquo;hypnose. La prise en charge est en r\u00e9alit\u00e9 globale avec une approche psychoth\u00e9rapeutique int\u00e9grative. Les mouvements oculaires ne sont qu&rsquo;une technique au sein de la prise en charge.<\/p>\n\n\n\n<p>Psychologues pratiquant l&rsquo;EMDR \u00e0 Psycho-Dumon (cliquez sur le nom de l&rsquo;intervenant pour voir son profil et coordonn\u00e9es): <\/p>\n\n\n\n<p><a href=\"http:\/\/psycho-dumon.be\/?page_id=839\">Laura Lamot, psychologue et psychoth\u00e9rapeute<\/a><\/p>\n\n\n\n<p><a href=\"http:\/\/psycho-dumon.be\/?page_id=665\">Manuel Dupuis, psychologue clinicien et psychoth\u00e9rapeute<\/a><\/p>\n\n\n\n<p><\/p>\n\n\n\n<p><\/p>\n\n\n\n<p><strong>Cabinet Dumon<\/strong><br>Consultations d\u2019aide&nbsp; \u00e0 Woluwe-Saint-Pierre (psychologues, logop\u00e8des,\u2026)<br>Rue Fran\u00e7ois Vander Elst, 79<br>1150 Bruxelles (Woluw\u00e9 Saint-Pierre)<\/p>\n","protected":false},"excerpt":{"rendered":"<p>Psychoth\u00e9rapie EMDR L&rsquo;int\u00e9gration neuro-\u00e9motionnelle par les mouvements oculaires\u00a0ou plus couramment\u00a0EMDR, d&rsquo;apr\u00e8s l&rsquo;anglais\u00a0Eye\u00a0Movement\u00a0Desensitization and\u00a0Reprocessing, est une forme de psychoth\u00e9rapie. Utilisant les stimulations bilat\u00e9rales altern\u00e9es\u00a0ou\u00a0SBA, cr\u00e9e par Dr Shapiro, elle est pratiqu\u00e9e afin de traiter l&rsquo;origine des sympt\u00f4mes qui ont \u00e9t\u00e9 identifi\u00e9s par le psychologue avec le patient: traumas simples, traumas complexes, situations non int\u00e9gr\u00e9es&#8230; Si elle [&hellip;]<\/p>\n","protected":false},"author":1,"featured_media":0,"parent":0,"menu_order":0,"comment_status":"closed","ping_status":"closed","template":"","meta":[],"_links":{"self":[{"href":"https:\/\/psycho-dumon.be\/index.php?rest_route=\/wp\/v2\/pages\/1475"}],"collection":[{"href":"https:\/\/psycho-dumon.be\/index.php?rest_route=\/wp\/v2\/pages"}],"about":[{"href":"https:\/\/psycho-dumon.be\/index.php?rest_route=\/wp\/v2\/types\/page"}],"author":[{"embeddable":true,"href":"https:\/\/psycho-dumon.be\/index.php?rest_route=\/wp\/v2\/users\/1"}],"replies":[{"embeddable":true,"href":"https:\/\/psycho-dumon.be\/index.php?rest_route=%2Fwp%2Fv2%2Fcomments&post=1475"}],"version-history":[{"count":6,"href":"https:\/\/psycho-dumon.be\/index.php?rest_route=\/wp\/v2\/pages\/1475\/revisions"}],"predecessor-version":[{"id":1526,"href":"https:\/\/psycho-dumon.be\/index.php?rest_route=\/wp\/v2\/pages\/1475\/revisions\/1526"}],"wp:attachment":[{"href":"https:\/\/psycho-dumon.be\/index.php?rest_route=%2Fwp%2Fv2%2Fmedia&parent=1475"}],"curies":[{"name":"wp","href":"https:\/\/api.w.org\/{rel}","templated":true}]}}