{"id":643,"date":"2017-12-03T11:42:11","date_gmt":"2017-12-03T10:42:11","guid":{"rendered":"http:\/\/psycho-dumon.be\/?page_id=643"},"modified":"2021-03-11T20:43:32","modified_gmt":"2021-03-11T19:43:32","slug":"coaching","status":"publish","type":"page","link":"https:\/\/psycho-dumon.be\/?page_id=643","title":{"rendered":"Coaching"},"content":{"rendered":"<p>Le <strong>coaching<\/strong> est utilis\u00e9 par un psychologue int\u00e9grant une<strong> d\u00e9marche active centr\u00e9e sur la r\u00e9solution de vos probl\u00e8mes<\/strong>. En partant de vos ressources, vos besoins et vos valeurs, le psychologue coach vous accompagne dans le changement de vos comportements, vos habitudes, vos choix de vie, et r\u00e9active une s\u00e9rie de comp\u00e9tences.\u00a0<strong>Le coaching<\/strong> s&rsquo;applique ici dans une <strong>vari\u00e9t\u00e9 de domaines<\/strong>:<\/p>\n<p>&#8211; difficult\u00e9s professionnelles, relationnelles, de choix de vie,&#8230;<\/p>\n<p>&#8211; la gestion du stress, de l&rsquo;anxi\u00e9t\u00e9,&#8230;<\/p>\n<p>&#8211; la gestion des \u00e9motions<\/p>\n<p>&#8211; la prise de parole en public, la pr\u00e9paration d&rsquo;examens, de comp\u00e9titions, de repr\u00e9sentations,&#8230;<\/p>\n<p>&#8211; soutien \u00e0 des sympt\u00f4mes d\u00e9pressifs, difficult\u00e9s personnelles diverses, phobies,&#8230;<\/p>\n<p>&#8211; &#8230;<\/p>\n<div  class='avia-button-wrap avia-button-left  avia-builder-el-0  avia-builder-el-no-sibling ' ><a href='https:\/\/psycho-dumon.be\/?page_id=14'  class='avia-button  avia-color-theme-color   avia-icon_select-no avia-size-medium avia-position-left '  target=\"_blank\"  rel=\"noopener noreferrer\"  ><span class='avia_iconbox_title' >Contact et prise de rendez-vous<\/span><\/a><\/div>\n","protected":false},"excerpt":{"rendered":"<p>Le coaching est utilis\u00e9 par un psychologue int\u00e9grant une d\u00e9marche active centr\u00e9e sur la r\u00e9solution de vos probl\u00e8mes. En partant de vos ressources, vos besoins et vos valeurs, le psychologue coach vous accompagne dans le changement de vos comportements, vos habitudes, vos choix de vie, et r\u00e9active une s\u00e9rie de comp\u00e9tences.\u00a0Le coaching s&rsquo;applique ici dans [&hellip;]<\/p>\n","protected":false},"author":1,"featured_media":0,"parent":0,"menu_order":0,"comment_status":"closed","ping_status":"open","template":"","meta":[],"_links":{"self":[{"href":"https:\/\/psycho-dumon.be\/index.php?rest_route=\/wp\/v2\/pages\/643"}],"collection":[{"href":"https:\/\/psycho-dumon.be\/index.php?rest_route=\/wp\/v2\/pages"}],"about":[{"href":"https:\/\/psycho-dumon.be\/index.php?rest_route=\/wp\/v2\/types\/page"}],"author":[{"embeddable":true,"href":"https:\/\/psycho-dumon.be\/index.php?rest_route=\/wp\/v2\/users\/1"}],"replies":[{"embeddable":true,"href":"https:\/\/psycho-dumon.be\/index.php?rest_route=%2Fwp%2Fv2%2Fcomments&post=643"}],"version-history":[{"count":6,"href":"https:\/\/psycho-dumon.be\/index.php?rest_route=\/wp\/v2\/pages\/643\/revisions"}],"predecessor-version":[{"id":1233,"href":"https:\/\/psycho-dumon.be\/index.php?rest_route=\/wp\/v2\/pages\/643\/revisions\/1233"}],"wp:attachment":[{"href":"https:\/\/psycho-dumon.be\/index.php?rest_route=%2Fwp%2Fv2%2Fmedia&parent=643"}],"curies":[{"name":"wp","href":"https:\/\/api.w.org\/{rel}","templated":true}]}}