{"id":86,"date":"2015-06-22T16:35:40","date_gmt":"2015-06-22T15:35:40","guid":{"rendered":"http:\/\/psycho-dumon.be\/?page_id=86"},"modified":"2021-03-11T20:43:55","modified_gmt":"2021-03-11T19:43:55","slug":"psychotherapie-enfantadolescent","status":"publish","type":"page","link":"https:\/\/psycho-dumon.be\/?page_id=86","title":{"rendered":"Consultations psychologiques enfants"},"content":{"rendered":"<p><strong>Contact<\/strong>:\u00a0\u00a0<strong>Mme Laura Lamot,<\/strong>\u00a0<strong>psychologue<\/strong>:\u00a0<i>0473\/397.897 (<strong>\u00e0 partir de 8 ans<\/strong>)<\/i><\/p>\n<p>Consultations et th\u00e9rapie pour enfants et adolescents par un psychologue sp\u00e9cialis\u00e9<\/p>\n<p>Accompagnement des enfants et adolescents confront\u00e9s \u00e0 des multiples difficult\u00e9s\u00a0:<\/p>\n<p>&#8211; fragilt\u00e9 psychologique,\u00a0 questionnement identitaire, isolement, d\u00e9pression,<\/p>\n<p>&#8211; troubles de l&rsquo;attachement, difficult\u00e9s d&rsquo;autonomisation,<\/p>\n<p>&#8211; jeunes ayant d\u00e9velopp\u00e9 une phobie scolaire ou sociale<\/p>\n<p>&#8211; hyperactivit\u00e9<\/p>\n<p>&#8211; probl\u00e8mes relationnels avec les parents<\/p>\n<p>&#8211; col\u00e8res, agressivit\u00e9<\/p>\n<p>&#8211; &#8230;<\/p>\n<p><strong>Cabinet Dumon<\/strong><br \/>\nConsultations d&rsquo;aide\u00a0 \u00e0 Woluwe-Saint-Pierre (<a href=\"http:\/\/psycho-dumon.be\/?page_id=111\">psychologues<\/a>, <a href=\"http:\/\/psycho-dumon.be\/?page_id=113\">logop\u00e8des<\/a>,&#8230;)<br \/>\nRue Fran\u00e7ois Vander Elst, 79<br \/>\n1150 Bruxelles (Woluw\u00e9 Saint-Pierre)<\/p>\n<div  class='avia-button-wrap avia-button-left  avia-builder-el-0  avia-builder-el-no-sibling ' ><a href='https:\/\/psycho-dumon.be\/?page_id=14'  class='avia-button  avia-color-theme-color   avia-icon_select-no avia-size-medium avia-position-left '  target=\"_blank\"  rel=\"noopener noreferrer\"  ><span class='avia_iconbox_title' >Contact et prise de rendez-vous<\/span><\/a><\/div>\n","protected":false},"excerpt":{"rendered":"<p>Contact:\u00a0\u00a0Mme Laura Lamot,\u00a0psychologue:\u00a00473\/397.897 (\u00e0 partir de 8 ans) Consultations et th\u00e9rapie pour enfants et adolescents par un psychologue sp\u00e9cialis\u00e9 Accompagnement des enfants et adolescents confront\u00e9s \u00e0 des multiples difficult\u00e9s\u00a0: &#8211; fragilt\u00e9 psychologique,\u00a0 questionnement identitaire, isolement, d\u00e9pression, &#8211; troubles de l&rsquo;attachement, difficult\u00e9s d&rsquo;autonomisation, &#8211; jeunes ayant d\u00e9velopp\u00e9 une phobie scolaire ou sociale &#8211; hyperactivit\u00e9 &#8211; probl\u00e8mes [&hellip;]<\/p>\n","protected":false},"author":1,"featured_media":0,"parent":0,"menu_order":0,"comment_status":"closed","ping_status":"open","template":"","meta":[],"_links":{"self":[{"href":"https:\/\/psycho-dumon.be\/index.php?rest_route=\/wp\/v2\/pages\/86"}],"collection":[{"href":"https:\/\/psycho-dumon.be\/index.php?rest_route=\/wp\/v2\/pages"}],"about":[{"href":"https:\/\/psycho-dumon.be\/index.php?rest_route=\/wp\/v2\/types\/page"}],"author":[{"embeddable":true,"href":"https:\/\/psycho-dumon.be\/index.php?rest_route=\/wp\/v2\/users\/1"}],"replies":[{"embeddable":true,"href":"https:\/\/psycho-dumon.be\/index.php?rest_route=%2Fwp%2Fv2%2Fcomments&post=86"}],"version-history":[{"count":16,"href":"https:\/\/psycho-dumon.be\/index.php?rest_route=\/wp\/v2\/pages\/86\/revisions"}],"predecessor-version":[{"id":1237,"href":"https:\/\/psycho-dumon.be\/index.php?rest_route=\/wp\/v2\/pages\/86\/revisions\/1237"}],"wp:attachment":[{"href":"https:\/\/psycho-dumon.be\/index.php?rest_route=%2Fwp%2Fv2%2Fmedia&parent=86"}],"curies":[{"name":"wp","href":"https:\/\/api.w.org\/{rel}","templated":true}]}}